ed by 56.
53
What is the remainder when 29 is divided by 8?
5
Calculate the remainder when 1495 is divided by 50.
45
Calculate the remainder when 889 is divided by 58.
19
What is the remainder when 1012 is divided by 248?
20
What is the remainder when 127 is divided by 13?
10
Calculate the remainder when 368 is divided by 123.
122
What is the remainder when 19207 is divided by 49?
48
Calculate the remainder when 116 is divided by 15.
11
Calculate the remainder when 1441 is divided by 463.
52
What is the remainder when 239 is divided by 113?
13
What is the remainder when 784 is divided by 66?
58
What is the remainder when 302 is divided by 47?
20
What is the remainder when 25283 is divided by 84?
83
Calculate the remainder when 87 is divided by 15.
12
What is the remainder when 291 is divided by 67?
23
What is the remainder when 21046 is divided by 97?
94
Calculate the remainder when 326 is divided by 306.
20
Calculate the remainder when 308 is divided by 85.
53
Calculate the remainder when 112 is divided by 60.
52
Calculate the remainder when 417 is divided by 405.
12
What is the remainder when 632 is divided by 49?
44
What is the remainder when 35 is divided by 23?
12
Calculate the remainder when 1195 is divided by 109.
105
What is the remainder when 97 is divided by 2?
1
Calculate the remainder when 590 is divided by 13.
5
What is the remainder when 485 is divided by 95?
10
Calculate the remainder when 462 is divided by 29.
27
Calculate the remainder when 508 is divided by 85.
83
What is the remainder when 114 is divided by 46?
22
Calculate the remainder when 97 is divided by 33.
31
What is the remainder when 233 is divided by 9?
8
What is the remainder when 119 is divided by 34?
17
Calculate the remainder when 202 is divided by 110.
92
Calculate the remainder when 20 is divided by 17.
3
What is the remainder when 824 is divided by 118?
116
Calculate the remainder when 54 is divided by 12.
6
Calculate the remainder when 386 is divided by 23.
18
What is the remainder when 48 is divided by 3?
0
What is the remainder when 133 is divided by 31?
9
Calculate the remainder when 74 is divided by 16.
10
What is the remainder when 1402 is divided by 39?
37
Calculate the remainder when 4292 is divided by 179.
175
What is the remainder when 611 is divided by 17?
16
What is the remainder when 54 is divided by 11?
10
What is the remainder when 168 is divided by 65?
38
What is the remainder when 130 is divided by 37?
19
What is the remainder when 454 is divided by 94?
78
What is the remainder when 441 is divided by 86?
11
Calculate the remainder when 104 is divided by 67.
37
Calculate the remainder when 4338 is divided by 20.
18
What is the remainder when 381 is divided by 55?
51
Calculate the remainder when 297 is divided by 12.
9
Calculate the remainder when 174 is divided by 14.
6
Calculate the remainder when 55 is divided by 24.
7
Calculate the remainder when 347 is divided by 50.
47
Calculate the remainder when 28 is divided by 22.
6
Calculate the remainder when 2967 is divided by 149.
136
Calculate the remainder when 18 is divided by 16.
2
What is the remainder when 3860 is divided by 1272?
44
What is the remainder when 77 is divided by 4?
1
What is the remainder when 227 is divided by 35?
17
Calculate the remainder when 124 is divided by 50.
24
Calculate the remainder when 726 is divided by 180.
6
What is the remainder when 12450 is divided by 22?
20
Calculate the remainder when 5 is divided by 3.
2
Calculate the remainder when 862 is divided by 32.
30
Calculate the remainder when 1472 is divided by 17.
10
What is the remainder when 1449 is divided by 357?
21
What is the remainder when 114 is divided by 15?
9
Calculate the remainder when 757 is divided by 362.
33
What is the remainder when 1067 is divided by 89?
88
Calculate the remainder when 135 is divided by 18.
9
Calculate the remainder when 813 is divided by 51.
48
What is the remainder when 155 is divided by 12?
11
Calculate the remainder when 480 is divided by 44.
40
Calculate the remainder when 14 is divided by 5.
4
What is the remainder when 1757 is divided by 108?
29
What is the remainder when 1520 is divided by 25?
20
Calculate the remainder when 4298 is divided by 20.
18
What is the remainder when 1222 is divided by 103?
89
What is the remainder when 304 is divided by 6?
4
What is the remainder when 356 is divided by 97?
65
What is the remainder when 11 is divided by 10?
1
Calculate the remainder when 239 is divided by 120.
119
What is the remainder when 578 is divided by 565?
13
Calculate the remainder when 173 is divided by 16.
13
Calculate the remainder when 511 is divided by 114.
55
Calculate the remainder when 879 is divided by 11.
10
Calculate the remainder when 24357 is divided by 7.
4
What is the remainder when 1510 is divided by 6?
4
What is the remainder when 465 is divided by 68?
57
Calculate the remainder when 254 is divided by 24.
14
What is the remainder when 4952 is divided by 118?
114
Calculate the remainder when 289 is divided by 16.
1
What is the remainder when 52 is divided by 35?
17
What is the remainder when 79 is divided by 39?
1
Calculate the remainder when 224 is divided by 122.
102
Calculate the remainder when 264 is divided by 67.
63
What is the remainder when 5951 is divided by 15?
11
What is the remainder when 379 is divided by 178?
23
What is the remainder when 634 is divided by 109?
89
Calculate the remainder when 22497 is divided by 150.
147
Calculate the remainder when 246 is divided by 17.
8
Calculate the remainder when 65 is divided by 15.
5
Calculate the remainder when 734 is divided by 86.
46
Calculate the remainder when 530 is divided by 25.
5
Calculate the remainder when 452 is divided by 10.
2
Calculate the remainder when 142 is divided by 68.
6
Calculate the remainder when 212 is divided by 108.
104
Calculate the remainder when 7134 is divided by 3.
0
What is the remainder when 110 is divided by 14?
12
What is the remainder when 467 is divided by 26?
25
What is the remainder when 2714 is divided by 29?
17
What is the remainder when 684 is divided by 13?
8
What is the remainder when 146 is divided by 19?
13
What is the remainder when 53 is divided by 40?
13
What is the remainder when 2411 is divided by 19?
17
Calculate the remainder when 9 is divided by 4.
1
What is the remainder when 212 is divided by 112?
100
Calculate the remainder when 434 is divided by 121.
71
What is the remainder when 257 is divided by 61?
13
What is the remainder when 6179 is divided by 206?
205
What is the remainder when 213 is divided by 93?
27
What is the remainder when 1366 is divided by 171?
169
Calculate the remainder when 2606 is divided by 234.
32
What is the remainder when 1900 is divided by 936?
28
What is the remainder when 17 is divided by 4?
1
What is the remainder when 756 is divided by 45?
36
What is the remainder when 169 is divided by 21?
1
Calculate the remainder when 43 is divided by 34.
9
What is the remainder when 586 is divided by 42?
40
Calculate the remainder when 130 is divided by 33.
31
What is the remainder when 7516 is divided by 73?
70
What is the remainder when 88 is divided by 51?
37
Calculate the remainder when 213 is divided by 49.
17
What is the remainder when 2347 is divided by 33?
4
Calculate the remainder when 1074 is divided by 89.
6
What is the remainder when 456 is divided by 81?
51
What is the remainder when 1815 is divided by 448?
23
Calculate the remainder when 91 is divided by 32.
27
Calculate the remainder when 1126 is divided by 64.
38
Calculate the remainder when 947 is divided by 183.
32
What is the remainder when 2150 is divided by 35?
15
Calculate the remainder when 1456 is divided by 636.
184
What is the remainder when 788 is divided by 13?
8
Calculate the remainder when 1354 is divided by 674.
6
Calculate the remainder when 68 is divided by 29.
10
Calculate the remainder when 848 is divided by 56.
8
What is the remainder when 278 is divided by 2?
0
What is the remainder when 4038 is divided by 20?
18
Calculate the remainder when 1431 is divided by 98.
59
Calculate the remainder when 1624 is divided by 149.
134
What is the remainder when 263 is divided by 24?
23
What is the remainder when 181 is divided by 92?
89
What i